{"id":556,"date":"2013-11-01T15:45:37","date_gmt":"2013-11-01T13:45:37","guid":{"rendered":"http:\/\/taalkunstenares.eu\/?page_id=556"},"modified":"2023-07-31T14:18:15","modified_gmt":"2023-07-31T12:18:15","slug":"auftritte-2013","status":"publish","type":"page","link":"http:\/\/taalkunstenares.eu\/nl\/auftritte-2013\/","title":{"rendered":"Optredens 2013"},"content":{"rendered":"<p><strong>Freitag, 11. Oktober 2013, Stadtb\u00fccherei Bamberg, 20 Uhr<br \/>\n<\/strong><\/p>\n<p>Die meisten R\u00fcckmeldungen, die wir zu unserem Konzert am 11.10. bekommen haben, waren &#8220;ber\u00fchrend&#8221; und &#8220;sch\u00f6n&#8221; und dass man noch Stunden lang h\u00e4tte zuh\u00f6ren k\u00f6nnen.<\/p>\n<p><strong>Montag, 11. November 2013, Erlangen<\/strong><\/p>\n<p><img loading=\"lazy\" decoding=\"async\" class=\"aligncenter size-full wp-image-669\" src=\"http:\/\/taalkunstenares.eu\/wp-content\/uploads\/2012\/04\/hollfeld.jpg\" alt=\"\" height=\"305\" width=\"592\" srcset=\"http:\/\/taalkunstenares.eu\/wp-content\/uploads\/2012\/04\/hollfeld.jpg 592w, http:\/\/taalkunstenares.eu\/wp-content\/uploads\/2012\/04\/hollfeld-300x155.jpg 300w\" sizes=\"auto, (max-width: 592px) 100vw, 592px\" \/><\/p>\n<p><strong>Samstag, 19. Oktober 2013, Wien &#8211; Hauskonzert<\/strong><\/p>\n<p>Die Zuschauer dort waren auch sehr ber\u00fchrt und angetan. Sogar zwei Jugendliche waren die ganze Zeit dabei, und sie best\u00e4tigten mir, dass es auf jeden Fall eine Sache ist, die man an Schulen bringen kann. Sogar die Musik hat ihnen gefallen. Eine Freundin, die Schauspielerin ist (bekannt von TV und Theater), war auch anwesend, und sie hat mir gleich eine Menge Ratschl\u00e4ge gegeben, was ich mit meinen H\u00e4nden tun kann w\u00e4hrend ich singe und wie ich mich besser auf der B\u00fchne bewegen kann. Es war n\u00e4mlich ein &#8220;unplugged&#8221; Konzert.<\/p>\n<p><strong>Freitag, 6. Dezember 2013, Wien &#8211; Hauskonzert<\/strong><\/p>\n<p><strong>Freitag, 6. Dezember 2013, Wien &#8211; Hauskonzert<\/strong><\/p>\n","protected":false},"excerpt":{"rendered":"<p>Freitag, 11. Oktober 2013, Stadtb\u00fccherei Bamberg, 20 Uhr Die meisten R\u00fcckmeldungen, die wir zu unserem Konzert am 11.10. bekommen haben, waren &#8220;ber\u00fchrend&#8221; und &#8220;sch\u00f6n&#8221; und dass man noch Stunden lang h\u00e4tte zuh\u00f6ren k\u00f6nnen. Montag, 11. November 2013, Erlangen Samstag, 19. Oktober 2013, Wien &#8211; Hauskonzert Die Zuschauer dort waren auch sehr ber\u00fchrt und angetan. Sogar [&hellip;]<\/p>\n","protected":false},"author":3,"featured_media":0,"parent":0,"menu_order":0,"comment_status":"closed","ping_status":"closed","template":"","meta":{"ngg_post_thumbnail":0,"footnotes":""},"class_list":["post-556","page","type-page","status-publish","entry"],"translation":{"provider":"WPGlobus","version":"2.12.2","language":"nl","enabled_languages":["de","nl"],"languages":{"de":{"title":true,"content":true,"excerpt":false},"nl":{"title":true,"content":true,"excerpt":false}}},"_links":{"self":[{"href":"http:\/\/taalkunstenares.eu\/nl\/wp-json\/wp\/v2\/pages\/556","targetHints":{"allow":["GET"]}}],"collection":[{"href":"http:\/\/taalkunstenares.eu\/nl\/wp-json\/wp\/v2\/pages"}],"about":[{"href":"http:\/\/taalkunstenares.eu\/nl\/wp-json\/wp\/v2\/types\/page"}],"author":[{"embeddable":true,"href":"http:\/\/taalkunstenares.eu\/nl\/wp-json\/wp\/v2\/users\/3"}],"replies":[{"embeddable":true,"href":"http:\/\/taalkunstenares.eu\/nl\/wp-json\/wp\/v2\/comments?post=556"}],"version-history":[{"count":10,"href":"http:\/\/taalkunstenares.eu\/nl\/wp-json\/wp\/v2\/pages\/556\/revisions"}],"predecessor-version":[{"id":631,"href":"http:\/\/taalkunstenares.eu\/nl\/wp-json\/wp\/v2\/pages\/556\/revisions\/631"}],"wp:attachment":[{"href":"http:\/\/taalkunstenares.eu\/nl\/wp-json\/wp\/v2\/media?parent=556"}],"curies":[{"name":"wp","href":"https:\/\/api.w.org\/{rel}","templated":true}]}}

<p><strong>Freitag, 11. Oktober 2013, Stadtbücherei Bamberg, 20 Uhr<br />
</strong></p>
<p>Die meisten Rückmeldungen, die wir zu unserem Konzert am 11.10. bekommen haben, waren &#8220;berührend&#8221; und &#8220;schön&#8221; und dass man noch Stunden lang hätte zuhören können.</p>
<p><strong>Montag, 11. November 2013, Erlangen</strong></p>
<p><img loading="lazy" decoding="async" class="aligncenter size-full wp-image-669" src="http://taalkunstenares.eu/wp-content/uploads/2012/04/hollfeld.jpg" alt="" height="305" width="592" srcset="http://taalkunstenares.eu/wp-content/uploads/2012/04/hollfeld.jpg 592w, http://taalkunstenares.eu/wp-content/uploads/2012/04/hollfeld-300x155.jpg 300w" sizes="auto, (max-width: 592px) 100vw, 592px" /></p>
<p><strong>Samstag, 19. Oktober 2013, Wien &#8211; Hauskonzert</strong></p>
<p>Die Zuschauer dort waren auch sehr berührt und angetan. Sogar zwei Jugendliche waren die ganze Zeit dabei, und sie bestätigten mir, dass es auf jeden Fall eine Sache ist, die man an Schulen bringen kann. Sogar die Musik hat ihnen gefallen. Eine Freundin, die Schauspielerin ist (bekannt von TV und Theater), war auch anwesend, und sie hat mir gleich eine Menge Ratschläge gegeben, was ich mit meinen Händen tun kann während ich singe und wie ich mich besser auf der Bühne bewegen kann. Es war nämlich ein &#8220;unplugged&#8221; Konzert.</p>
<p><strong>Freitag, 6. Dezember 2013, Wien &#8211; Hauskonzert</strong></p>
<p><strong>Freitag, 6. Dezember 2013, Wien &#8211; Hauskonzert</strong></p>

<p>Freitag, 11. Oktober 2013, Stadtbücherei Bamberg, 20 Uhr Die meisten Rückmeldungen, die wir zu unserem Konzert am 11.10. bekommen haben, waren &#8220;berührend&#8221; und &#8220;schön&#8221; und dass man noch Stunden lang hätte zuhören können. Montag, 11. November 2013, Erlangen Samstag, 19. Oktober 2013, Wien &#8211; Hauskonzert Die Zuschauer dort waren auch sehr berührt und angetan. Sogar [&hellip;]</p>
