{"id":512,"date":"2012-04-06T19:55:38","date_gmt":"2012-04-06T17:55:38","guid":{"rendered":"http:\/\/taalkunstenares.eu\/?page_id=512"},"modified":"2023-07-31T14:18:15","modified_gmt":"2023-07-31T12:18:15","slug":"auftritte-2012","status":"publish","type":"page","link":"http:\/\/taalkunstenares.eu\/nl\/auftritte-2012\/","title":{"rendered":"Optredens 2012"},"content":{"rendered":"<p style=\"text-align: center;\"><strong>Auftritt in Coburg<\/strong> &#8211;<em> Remembering Karen Carpenter<\/em> &#8211; 21. Juni 2012<\/p>\n<p style=\"text-align: left;\">im Rahmen der Aktionswoche zum Thema Essst\u00f6rungen, organisiert von den Gleichstellungsbeuftragten des Landkreises Coburg, Frau Tanja B\u00e4cher-S\u00fcrgers, der Stadt Coburg, Frau Susanne M\u00fcller, und vom Amt f\u00fcr Gesundheitswesen, Frau Tanja Setzer.<\/p>\n<\/p>\n<p style=\"text-align: center;\"><strong>Auftritt in Hollfeld <\/strong>&#8211;<em> Remembering Karen Carpenter<\/em> &#8211; 16. Mai 2012<\/p>\n<p style=\"text-align: left;\"><img loading=\"lazy\" decoding=\"async\" class=\"aligncenter size-full wp-image-669\" src=\"http:\/\/taalkunstenares.eu\/wp-content\/uploads\/2012\/04\/hollfeld.jpg\" alt=\"\" height=\"305\" width=\"592\" srcset=\"http:\/\/taalkunstenares.eu\/wp-content\/uploads\/2012\/04\/hollfeld.jpg 592w, http:\/\/taalkunstenares.eu\/wp-content\/uploads\/2012\/04\/hollfeld-300x155.jpg 300w\" sizes=\"auto, (max-width: 592px) 100vw, 592px\" \/><\/p>\n<p style=\"text-align: left;\">Kommentar:<br \/>\n<em>Ich m\u00f6chte mich auf diesem Wege noch einmal sehr herzlich f\u00fcr das anregende Konzert letzte  Woche in Hollfeld bedanken und Ihnen zu der tollen Performance gratulieren! Ihr Programm ist  inhaltlich erstklassig durchdacht und von der Ausf\u00fchrung her super gelungen. Insbesondere Ihre einf\u00fchlsame Klavierbegleitung hat mir sehr gut gefallen, denn sie l\u00e4sst der hervorragenden Stimme Ihrer Kollegin den notwendigen Spielraum, um auch die Inhalte des Programms musikalisch auszudr\u00fccken.<br \/>\n<\/em><\/p>\n<div><em>Dr. phil. Raphael Woebs, gemeinschaftlicher Leiter des Instituts Denkunternehmung, 24. Mai 2012<\/em><\/div>\n<hr \/>\n<p style=\"text-align: center;\"><strong>Gastauftritt in Sche\u00dflitz <\/strong>&#8211;<em> Remembering Karen Carpenter<\/em> &#8211; 21. April 2012<\/p>\n<p style=\"text-align: left;\">Am 21. April 2012 feierte der Sche\u00dflitzer Chor &#8220;Joyful Voices&#8221;, unter der Leitung von Franziska Bauer, sein 10j\u00e4hriges Jubil\u00e4ums. An der Gestaltung des feierlichen Abends wirkten mit der M\u00e4nnerchor und der Kirchenchor aus Sche\u00dflitz, Shahdad Ghaeni mit einem Lied aus seiner iranesischen Heimat und wir, Petra Penning und ich, mit einigen Liedern aus unserem Programm.<br \/>\nFrau Penning begleitete den Chor und mich bei unserem ersten gemeinsamen Auftritt: der Hit mit &#8220;Mr. Postman&#8221; war ein auf Anhieb gelungenes Zusammenwirken, das allen Beteiligten viel Spa\u00df gemacht hat.<br \/>\nAn dieser Stelle noch einmal ein herzliches Dankesch\u00f6n an &#8220;Joyful Voices&#8221; und <strong>viel Erfolg f\u00fcr die n\u00e4chsten zehn Jahre<\/strong> !<\/p>\n<p style=\"text-align: center;\"> <strong>Auftritt in Wien <\/strong>&#8211;<em> Remembering Karen Carpenter<\/em> &#8211; 23., 24. M\u00e4rz 2012<img loading=\"lazy\" decoding=\"async\" class=\"aligncenter size-full wp-image-670\" src=\"http:\/\/taalkunstenares.eu\/wp-content\/uploads\/2012\/04\/wien.jpg\" alt=\"\" height=\"677\" width=\"412\" srcset=\"http:\/\/taalkunstenares.eu\/wp-content\/uploads\/2012\/04\/wien.jpg 412w, http:\/\/taalkunstenares.eu\/wp-content\/uploads\/2012\/04\/wien-183x300.jpg 183w\" sizes=\"auto, (max-width: 412px) 100vw, 412px\" \/><\/p>\n<p style=\"text-align: left;\">Die Suche hat sich gelohnt, denn wir haben wir haben ein sch\u00f6nes Projekt in Wien gefunden. \u00dcber unsere Spende freut sich die Selbsthilfegruppe &#8220;Mit meiner Essst\u00f6rung auf Du und Du&#8221; von Frau Michaela Schertler, Praxis f\u00fcr psychosoziale Beratung, Coaching und Supervision. Am Samstag haben wir uns gefreut \u00fcber einen Gastauftritt von Hanna Schuler, die mich bei<br \/>\n&#8220;Close to you&#8221; begleitet hat. Vielen Dank, Hanna :)<\/p>\n<p>Kommentare haben wir folgende bekommen:<br \/>\n<em>Diesen musikalischen Abend im ambientreichen Kulturkeller des Cafe Korb in Wien, k\u00f6nnen wir nur als gelungen bezeichnen. Die professionelle Gestaltung der Lieder, <\/em><em>die talentierte Begleitung am Klavier, die wunderbaren Stimme und die ergreifenden Erz\u00e4hlungen zwischendurch sorgten f\u00fcr viele ber\u00fchrende Momente!<br \/>\nDie Umsetzung des Themas Musik und Magersucht, insbesondere der musikalischen und pers\u00f6nlichen Geschichte Karen Carpenter, finden wir sehr kreativ und beispielhaft. Die Offenheit der eigenen Geschichte von Fr. Groot \u00f6ffnete das Herz der Zuschauer und sorgte somit f\u00fcr eine Sensibilisierung dieses immer brisanter werdenden Themas. Wir bedanken uns f\u00fcr einen wunderbaren ergreifenden Abend, der f\u00fcr uns eine gro\u00dfe Bereicherung war! <\/em><br \/>\nRainer Sokal und Michaela Schertler<em><br \/>\n<\/em><br \/>\n<em>Vielen Dank f\u00fcr den wundersch\u00f6nen Abend. Wenn man die Augen schlie\u00dft meint man Karen zu h\u00f6ren &#8211; diese \u00c4hnlichkeit eurer Stimmen ist verbl\u00fcffend &#8211; und dann noch dazu die \u00e4hnlichen Lebensthemen ..<br \/>\nIch gratuliere zu deinem Talent, deiner Nat\u00fcrlichkeit, deiner Authentizit\u00e4t, deiner B\u00fchnenpr\u00e4senz und nat\u00fcrlich deiner grandiosen Stimme.<\/em><br \/>\nAndrea Riemer<\/p>\n<p><em>Danke f\u00fcr das tolle Konzert im Kaffe Korb. Du hast die Musik der Carpenters wieder aufleben<br \/>\nlassen und uns f\u00fcr das Thema Magersucht sensibilisiert . W\u00e4hrend die Medien uns t\u00e4glich mit<br \/>\nden verschiedensten Di\u00e4ten begl\u00fccken, wir dieses Problem leider sehr selten angesprochen.<br \/>\n<\/em>Martha und Franz<\/p>\n<hr \/>\n<p style=\"text-align: center;\"><strong>Auftritt in W\u00fcrzburg <\/strong>&#8211;<em> Remembering Karen Carpenter<\/em> &#8211; 24. Februar 2012<br \/>\n<img loading=\"lazy\" decoding=\"async\" class=\"aligncenter size-full wp-image-672\" src=\"http:\/\/taalkunstenares.eu\/wp-content\/uploads\/2012\/04\/wurzburg.jpg\" alt=\"\" height=\"600\" width=\"589\" srcset=\"http:\/\/taalkunstenares.eu\/wp-content\/uploads\/2012\/04\/wurzburg.jpg 589w, http:\/\/taalkunstenares.eu\/wp-content\/uploads\/2012\/04\/wurzburg-295x300.jpg 295w\" sizes=\"auto, (max-width: 589px) 100vw, 589px\" \/><\/p>\n<p style=\"text-align: justify;\"><img loading=\"lazy\" decoding=\"async\" class=\" wp-image-673 alignleft\" src=\"http:\/\/taalkunstenares.eu\/wp-content\/uploads\/2012\/04\/anneke1.jpg\" alt=\"\" height=\"230\" width=\"307\" srcset=\"http:\/\/taalkunstenares.eu\/wp-content\/uploads\/2012\/04\/anneke1.jpg 800w, http:\/\/taalkunstenares.eu\/wp-content\/uploads\/2012\/04\/anneke1-300x225.jpg 300w, http:\/\/taalkunstenares.eu\/wp-content\/uploads\/2012\/04\/anneke1-768x576.jpg 768w\" sizes=\"auto, (max-width: 307px) 100vw, 307px\" \/><em>Ein sehr unterhaltsamer und zugleich informativer Abend mit &#8211; nat\u00fcrlich &#8211; vielen sch\u00f6nen Songs und vor allem Frau Groots beneidenswerter Stimme und entspannter Ausstrahlung. Das Konzept des Duos funktioniert pr\u00e4chtig, ich w\u00fcnsche den beiden noch viele Erfolge. <\/em><br \/>\n(Dr. Thomas Schmid, Gesch\u00e4ftsf\u00fchrer der Graduiertenschule f\u00fcr die Geisteswissenschaften, W\u00fcrzburg)<\/p>\n<p style=\"text-align: justify;\"><em>Die vielen Stories, die sich um die Titel ranken, waren <\/em><img loading=\"lazy\" decoding=\"async\" class=\"wp-image-674 alignright\" src=\"http:\/\/taalkunstenares.eu\/wp-content\/uploads\/2012\/04\/anneke2.jpg\" alt=\"\" height=\"224\" width=\"299\" srcset=\"http:\/\/taalkunstenares.eu\/wp-content\/uploads\/2012\/04\/anneke2.jpg 800w, http:\/\/taalkunstenares.eu\/wp-content\/uploads\/2012\/04\/anneke2-300x225.jpg 300w, http:\/\/taalkunstenares.eu\/wp-content\/uploads\/2012\/04\/anneke2-768x576.jpg 768w\" sizes=\"auto, (max-width: 299px) 100vw, 299px\" \/><em>hochinteressant und waren mir nicht bekannt.<br \/>\nVielen Dank auch f\u00fcr die sehr realen Einblicke in eine sehr schlimme Krankheit. Sehr informativ. Ich hoffe, Sie k\u00f6nnen mit diesem Programm noch viel bewegen! Manchmal konnte man wirklich denken, dass Karen unter uns war &#8211; Ihre Stimme war wirklich fast deckungsgleich. Das war an manchen Stellen richtig spooky.<\/em> (Manuela M\u00fcller, eine Zuschauerin)<\/p>\n<hr \/>\n","protected":false},"excerpt":{"rendered":"<p>Auftritt in Coburg &#8211; Remembering Karen Carpenter &#8211; 21. Juni 2012 im Rahmen der Aktionswoche zum Thema Essst\u00f6rungen, organisiert von den Gleichstellungsbeuftragten des Landkreises Coburg, Frau Tanja B\u00e4cher-S\u00fcrgers, der Stadt Coburg, Frau Susanne M\u00fcller, und vom Amt f\u00fcr Gesundheitswesen, Frau Tanja Setzer. Auftritt in Hollfeld &#8211; Remembering Karen Carpenter &#8211; 16. Mai 2012 Kommentar: Ich [&hellip;]<\/p>\n","protected":false},"author":3,"featured_media":0,"parent":0,"menu_order":0,"comment_status":"closed","ping_status":"closed","template":"","meta":{"ngg_post_thumbnail":0,"footnotes":""},"class_list":["post-512","page","type-page","status-publish","entry"],"translation":{"provider":"WPGlobus","version":"2.12.2","language":"nl","enabled_languages":["de","nl"],"languages":{"de":{"title":true,"content":true,"excerpt":false},"nl":{"title":true,"content":true,"excerpt":false}}},"_links":{"self":[{"href":"http:\/\/taalkunstenares.eu\/nl\/wp-json\/wp\/v2\/pages\/512","targetHints":{"allow":["GET"]}}],"collection":[{"href":"http:\/\/taalkunstenares.eu\/nl\/wp-json\/wp\/v2\/pages"}],"about":[{"href":"http:\/\/taalkunstenares.eu\/nl\/wp-json\/wp\/v2\/types\/page"}],"author":[{"embeddable":true,"href":"http:\/\/taalkunstenares.eu\/nl\/wp-json\/wp\/v2\/users\/3"}],"replies":[{"embeddable":true,"href":"http:\/\/taalkunstenares.eu\/nl\/wp-json\/wp\/v2\/comments?post=512"}],"version-history":[{"count":24,"href":"http:\/\/taalkunstenares.eu\/nl\/wp-json\/wp\/v2\/pages\/512\/revisions"}],"predecessor-version":[{"id":516,"href":"http:\/\/taalkunstenares.eu\/nl\/wp-json\/wp\/v2\/pages\/512\/revisions\/516"}],"wp:attachment":[{"href":"http:\/\/taalkunstenares.eu\/nl\/wp-json\/wp\/v2\/media?parent=512"}],"curies":[{"name":"wp","href":"https:\/\/api.w.org\/{rel}","templated":true}]}}

<p style="text-align: center;"><strong>Auftritt in Coburg</strong> &#8211;<em> Remembering Karen Carpenter</em> &#8211; 21. Juni 2012</p>
<p style="text-align: left;">im Rahmen der Aktionswoche zum Thema Essstörungen, organisiert von den Gleichstellungsbeuftragten des Landkreises Coburg, Frau Tanja Bächer-Sürgers, der Stadt Coburg, Frau Susanne Müller, und vom Amt für Gesundheitswesen, Frau Tanja Setzer.</p>
</p>
<p style="text-align: center;"><strong>Auftritt in Hollfeld </strong>&#8211;<em> Remembering Karen Carpenter</em> &#8211; 16. Mai 2012</p>
<p style="text-align: left;"><img loading="lazy" decoding="async" class="aligncenter size-full wp-image-669" src="http://taalkunstenares.eu/wp-content/uploads/2012/04/hollfeld.jpg" alt="" height="305" width="592" srcset="http://taalkunstenares.eu/wp-content/uploads/2012/04/hollfeld.jpg 592w, http://taalkunstenares.eu/wp-content/uploads/2012/04/hollfeld-300x155.jpg 300w" sizes="auto, (max-width: 592px) 100vw, 592px" /></p>
<p style="text-align: left;">Kommentar:<br />
<em>Ich möchte mich auf diesem Wege noch einmal sehr herzlich für das anregende Konzert letzte  Woche in Hollfeld bedanken und Ihnen zu der tollen Performance gratulieren! Ihr Programm ist  inhaltlich erstklassig durchdacht und von der Ausführung her super gelungen. Insbesondere Ihre einfühlsame Klavierbegleitung hat mir sehr gut gefallen, denn sie lässt der hervorragenden Stimme Ihrer Kollegin den notwendigen Spielraum, um auch die Inhalte des Programms musikalisch auszudrücken.<br />
</em></p>
<div><em>Dr. phil. Raphael Woebs, gemeinschaftlicher Leiter des Instituts Denkunternehmung, 24. Mai 2012</em></div>
<hr />
<p style="text-align: center;"><strong>Gastauftritt in Scheßlitz </strong>&#8211;<em> Remembering Karen Carpenter</em> &#8211; 21. April 2012</p>
<p style="text-align: left;">Am 21. April 2012 feierte der Scheßlitzer Chor &#8220;Joyful Voices&#8221;, unter der Leitung von Franziska Bauer, sein 10jähriges Jubiläums. An der Gestaltung des feierlichen Abends wirkten mit der Männerchor und der Kirchenchor aus Scheßlitz, Shahdad Ghaeni mit einem Lied aus seiner iranesischen Heimat und wir, Petra Penning und ich, mit einigen Liedern aus unserem Programm.<br />
Frau Penning begleitete den Chor und mich bei unserem ersten gemeinsamen Auftritt: der Hit mit &#8220;Mr. Postman&#8221; war ein auf Anhieb gelungenes Zusammenwirken, das allen Beteiligten viel Spaß gemacht hat.<br />
An dieser Stelle noch einmal ein herzliches Dankeschön an &#8220;Joyful Voices&#8221; und <strong>viel Erfolg für die nächsten zehn Jahre</strong> !</p>
<p style="text-align: center;"> <strong>Auftritt in Wien </strong>&#8211;<em> Remembering Karen Carpenter</em> &#8211; 23., 24. März 2012<img loading="lazy" decoding="async" class="aligncenter size-full wp-image-670" src="http://taalkunstenares.eu/wp-content/uploads/2012/04/wien.jpg" alt="" height="677" width="412" srcset="http://taalkunstenares.eu/wp-content/uploads/2012/04/wien.jpg 412w, http://taalkunstenares.eu/wp-content/uploads/2012/04/wien-183x300.jpg 183w" sizes="auto, (max-width: 412px) 100vw, 412px" /></p>
<p style="text-align: left;">Die Suche hat sich gelohnt, denn wir haben wir haben ein schönes Projekt in Wien gefunden. Über unsere Spende freut sich die Selbsthilfegruppe &#8220;Mit meiner Essstörung auf Du und Du&#8221; von Frau Michaela Schertler, Praxis für psychosoziale Beratung, Coaching und Supervision. Am Samstag haben wir uns gefreut über einen Gastauftritt von Hanna Schuler, die mich bei<br />
&#8220;Close to you&#8221; begleitet hat. Vielen Dank, Hanna :)</p>
<p>Kommentare haben wir folgende bekommen:<br />
<em>Diesen musikalischen Abend im ambientreichen Kulturkeller des Cafe Korb in Wien, können wir nur als gelungen bezeichnen. Die professionelle Gestaltung der Lieder, </em><em>die talentierte Begleitung am Klavier, die wunderbaren Stimme und die ergreifenden Erzählungen zwischendurch sorgten für viele berührende Momente!<br />
Die Umsetzung des Themas Musik und Magersucht, insbesondere der musikalischen und persönlichen Geschichte Karen Carpenter, finden wir sehr kreativ und beispielhaft. Die Offenheit der eigenen Geschichte von Fr. Groot öffnete das Herz der Zuschauer und sorgte somit für eine Sensibilisierung dieses immer brisanter werdenden Themas. Wir bedanken uns für einen wunderbaren ergreifenden Abend, der für uns eine große Bereicherung war! </em><br />
Rainer Sokal und Michaela Schertler<em><br />
</em><br />
<em>Vielen Dank für den wunderschönen Abend. Wenn man die Augen schließt meint man Karen zu hören &#8211; diese Ähnlichkeit eurer Stimmen ist verblüffend &#8211; und dann noch dazu die ähnlichen Lebensthemen ..<br />
Ich gratuliere zu deinem Talent, deiner Natürlichkeit, deiner Authentizität, deiner Bühnenpräsenz und natürlich deiner grandiosen Stimme.</em><br />
Andrea Riemer</p>
<p><em>Danke für das tolle Konzert im Kaffe Korb. Du hast die Musik der Carpenters wieder aufleben<br />
lassen und uns für das Thema Magersucht sensibilisiert . Während die Medien uns täglich mit<br />
den verschiedensten Diäten beglücken, wir dieses Problem leider sehr selten angesprochen.<br />
</em>Martha und Franz</p>
<hr />
<p style="text-align: center;"><strong>Auftritt in Würzburg </strong>&#8211;<em> Remembering Karen Carpenter</em> &#8211; 24. Februar 2012<br />
<img loading="lazy" decoding="async" class="aligncenter size-full wp-image-672" src="http://taalkunstenares.eu/wp-content/uploads/2012/04/wurzburg.jpg" alt="" height="600" width="589" srcset="http://taalkunstenares.eu/wp-content/uploads/2012/04/wurzburg.jpg 589w, http://taalkunstenares.eu/wp-content/uploads/2012/04/wurzburg-295x300.jpg 295w" sizes="auto, (max-width: 589px) 100vw, 589px" /></p>
<p style="text-align: justify;"><img loading="lazy" decoding="async" class=" wp-image-673 alignleft" src="http://taalkunstenares.eu/wp-content/uploads/2012/04/anneke1.jpg" alt="" height="230" width="307" srcset="http://taalkunstenares.eu/wp-content/uploads/2012/04/anneke1.jpg 800w, http://taalkunstenares.eu/wp-content/uploads/2012/04/anneke1-300x225.jpg 300w, http://taalkunstenares.eu/wp-content/uploads/2012/04/anneke1-768x576.jpg 768w" sizes="auto, (max-width: 307px) 100vw, 307px" /><em>Ein sehr unterhaltsamer und zugleich informativer Abend mit &#8211; natürlich &#8211; vielen schönen Songs und vor allem Frau Groots beneidenswerter Stimme und entspannter Ausstrahlung. Das Konzept des Duos funktioniert prächtig, ich wünsche den beiden noch viele Erfolge. </em><br />
(Dr. Thomas Schmid, Geschäftsführer der Graduiertenschule für die Geisteswissenschaften, Würzburg)</p>
<p style="text-align: justify;"><em>Die vielen Stories, die sich um die Titel ranken, waren </em><img loading="lazy" decoding="async" class="wp-image-674 alignright" src="http://taalkunstenares.eu/wp-content/uploads/2012/04/anneke2.jpg" alt="" height="224" width="299" srcset="http://taalkunstenares.eu/wp-content/uploads/2012/04/anneke2.jpg 800w, http://taalkunstenares.eu/wp-content/uploads/2012/04/anneke2-300x225.jpg 300w, http://taalkunstenares.eu/wp-content/uploads/2012/04/anneke2-768x576.jpg 768w" sizes="auto, (max-width: 299px) 100vw, 299px" /><em>hochinteressant und waren mir nicht bekannt.<br />
Vielen Dank auch für die sehr realen Einblicke in eine sehr schlimme Krankheit. Sehr informativ. Ich hoffe, Sie können mit diesem Programm noch viel bewegen! Manchmal konnte man wirklich denken, dass Karen unter uns war &#8211; Ihre Stimme war wirklich fast deckungsgleich. Das war an manchen Stellen richtig spooky.</em> (Manuela Müller, eine Zuschauerin)</p>
<hr />

<p>Auftritt in Coburg &#8211; Remembering Karen Carpenter &#8211; 21. Juni 2012 im Rahmen der Aktionswoche zum Thema Essstörungen, organisiert von den Gleichstellungsbeuftragten des Landkreises Coburg, Frau Tanja Bächer-Sürgers, der Stadt Coburg, Frau Susanne Müller, und vom Amt für Gesundheitswesen, Frau Tanja Setzer. Auftritt in Hollfeld &#8211; Remembering Karen Carpenter &#8211; 16. Mai 2012 Kommentar: Ich [&hellip;]</p>
