{"id":272,"date":"2011-02-18T16:17:36","date_gmt":"2011-02-18T14:17:36","guid":{"rendered":"http:\/\/taalkunstenares.eu\/"},"modified":"2023-08-02T14:14:35","modified_gmt":"2023-08-02T12:14:35","slug":"debut-auftritt","status":"publish","type":"page","link":"http:\/\/taalkunstenares.eu\/nl\/debut-auftritt\/","title":{"rendered":"Optredens 2011"},"content":{"rendered":"<p style=\"text-align: center;\"><img loading=\"lazy\" decoding=\"async\" class=\"aligncenter size-full wp-image-653\" src=\"http:\/\/taalkunstenares.eu\/wp-content\/uploads\/2011\/02\/Konzert-Ebern-15.10.2011.jpg\" alt=\"\" height=\"480\" width=\"640\" srcset=\"http:\/\/taalkunstenares.eu\/wp-content\/uploads\/2011\/02\/Konzert-Ebern-15.10.2011.jpg 640w, http:\/\/taalkunstenares.eu\/wp-content\/uploads\/2011\/02\/Konzert-Ebern-15.10.2011-300x225.jpg 300w\" sizes=\"auto, (max-width: 640px) 100vw, 640px\" \/><\/p>\n<p style=\"text-align: center;\"><strong>Auftritt in Ebern <\/strong>&#8211;<em>Remembering Karen Carpenter<\/em> &#8211; 15. Oktober 2011<\/p>\n<p><img loading=\"lazy\" decoding=\"async\" class=\"aligncenter size-full wp-image-564\" src=\"http:\/\/taalkunstenares.eu\/wp-content\/uploads\/2011\/08\/kopf.jpg\" alt=\"\" height=\"308\" width=\"600\" srcset=\"http:\/\/taalkunstenares.eu\/wp-content\/uploads\/2011\/08\/kopf.jpg 600w, http:\/\/taalkunstenares.eu\/wp-content\/uploads\/2011\/08\/kopf-300x154.jpg 300w\" sizes=\"auto, (max-width: 600px) 100vw, 600px\" \/><\/p>\n<hr \/>\n<p align=\"center\"><strong><em>\u201eMusik &#038; Magersucht \u2013 Remembering Karen Carpenter\u201c<\/em><\/strong><\/p>\n<p><strong><em> <\/em><\/strong><br \/>\n<em>Anorexia Nervosa, zu Deutsch Magersucht, ist eine nach wie vor \u201ebl\u00fchende\u201c Krankheit, insbesondere unter M\u00e4dchen und jungen Frauen. Sie beginnt schleichend, bei\u00dft sich fest und bedroht im schlimmsten Fall das Kostbarste, was sie besitzen: <strong>das Leben<\/strong>. <\/em><br \/>\n<em>Eine nicht gef\u00e4hrlich genug einzusch\u00e4tzende Tendenz, die aus den USA kommt, ist die der \u201eSize zero\u201c, was so viel bedeutet wie \u201eKleidergr\u00f6\u00dfe 30\u201c (Konfektionsgr\u00f6\u00dfe f\u00fcr Frauen!)<\/em><br \/>\n<em>Karen Carpenter war die begnadete S\u00e4ngerin der Carpenters, ihre Stimme z\u00e4hlt bis heute zu den sch\u00f6nsten, die es je gegeben hat. Sie starb 1983 im Alter von nur 32 Jahren an den Folgen der extremen Magersucht, an der sie 8 Jahre gelitten hatte. Zu den Hits der Carpenters geh\u00f6ren Titel wie <strong>Close to you<\/strong>, <strong>Top of the World<\/strong> und <strong>Sweet, sweet smile<\/strong>. <\/em><br \/>\n<em>Mit dem Erl\u00f6s unseres Konzertes unterst\u00fctzen wir das Projekt ELSA des Vereins STEP e.V., das jungen Frauen mit einer Essst\u00f6rung hilft, den Weg zur\u00fcck ins Leben zu finden. <\/em><br \/>\n<strong><em>Samstag, 15. Oktober, 19.00 Uhr, gro\u00dfer Saal VR-Bank Ebern<\/em><\/strong><br \/>\n<em>Anneke Groot: Gesang<\/em><br \/>\n<em>Petra Penning: Klavier<\/em><br \/>\n<em>Eintritt: frei \u2013 wir bitten freundlich um einen Wertsch\u00e4tzungsbeitrag<\/em><\/p>\n<hr \/>\n<p><em>Das Carpenters-Konzert war eines meiner sch\u00f6nsten Erlebnisse in diesem Jahr u. ich danke Euch ganz herzlich f\u00fcr diese wundersch\u00f6nen Stunden.<\/em> (Eine Zuschauerin)<\/p>\n<hr \/>\n<p style=\"text-align: center;\"><strong>Auftritt in N\u00fcrnberg  &#8211; <\/strong>&#8220;One more time&#8221; &#8211;  am 13. Mai 2011<\/p>\n<p style=\"text-align: center;\"><a href=\"http:\/\/taalkunstenares.eu\/files\/2011\/04\/anneke2.jpg\"><img loading=\"lazy\" decoding=\"async\" class=\"aligncenter size-full wp-image-315\" title=\"anneke2\" src=\"http:\/\/taalkunstenares.eu\/files\/2011\/04\/anneke2.jpg\" alt=\"\" height=\"769\" width=\"544\"\/><\/a><\/p>\n<p><strong>Kommentare am 13. Mai 2011:<\/strong><br \/>\n<em>Am 13.Mai 2011 erf\u00fcllte sich nach einer intensiven Zeit der Organisation und Vorbereitung ein gro\u00dfer Wunsch von mir: Anneke und Petra f\u00fchrten ihr Konzert, das ich in Bamberg miterlebt hatte, im Kulturtreff Nord KUNO in N\u00fcrnberg auf. Auch dieses Mal unterst\u00fctzten sie damit Einrichtungen, deren Engagement essgest\u00f6rten Frauen gilt: den Verein dick und d\u00fcnn N\u00fcrnberg e.V., der eine Beratungsstelle unterh\u00e4lt, und ELSA, eine teilzeitbetreute Wohngruppe des Vereins STEP e.V.. In einem kleinen, sehr pers\u00f6nlichen Rahmen gelang es Anneke wieder einmal, das Publikum mit der gekonnten Mischung aus R\u00fcckblenden auf Karens Leben und Leiden, ehrlichen Einblicken in ihre eigene Zeit der Erkrankung und einem abwechslungsreichen Querschnitt durch die gro\u00dfe Vielfalt der Carpenter-Songs zu fesseln, zu begeistern und tief zu ber\u00fchren. <\/em><\/p>\n<p><em>&#8220;A song for you&#8221;: Meine ganz pers\u00f6nliche Kr\u00f6nung des Abends war es, dass ich mir, nachdem das Publikum gegangen und die Technik abgebaut war, ein letztes Lied w\u00fcnschen durfte, das Anneke und Petra f\u00fcr mich sangen und spielten, &#8220;you\u00b4re enough&#8221;. <\/em><\/p>\n<p><em>Danke, Anneke und Petra!<\/em><\/p>\n<p style=\"text-align: center;\"><strong>Deb\u00fct-Auftritt am 15. Oktober 2010<br \/>\n<\/strong><\/p>\n<p><a href=\"http:\/\/taalkunstenares.eu\/files\/2011\/01\/image16340.jpg\"><img loading=\"lazy\" decoding=\"async\" class=\"alignleft size-medium wp-image-238\" title=\"image16340\" src=\"http:\/\/taalkunstenares.eu\/files\/2011\/01\/image16340-300x200.jpg\" alt=\"\" height=\"200\" width=\"300\" srcset=\"http:\/\/taalkunstenares.eu\/wp-content\/uploads\/2011\/01\/image16340-300x200.jpg 300w, http:\/\/taalkunstenares.eu\/wp-content\/uploads\/2011\/01\/image16340.jpg 600w\" sizes=\"auto, (max-width: 300px) 100vw, 300px\" \/><\/a>Wer kennt sie nicht, die Hits der 70er: <span style=\"font-style: italic;\">\u201eClose to you\u201c<\/span>, \u201eTop of the World\u201c und <span style=\"font-style: italic;\">\u201eWe\u2019ve only just begun\u201c<\/span>, um nur einige wenige zu nennen. Sie alle sind von einer Gruppe: <span style=\"font-weight: bold;\">Carpenters<\/span>.<\/p>\n<p>Heutzutage dreht sich fast alles nur noch um \u00c4u\u00dferlichkeiten, wie uns tag t\u00e4glich von den Medien vorgegaukelt wird. Schlank sein steht f\u00fcr gesund sein. F\u00fcr Karen Carpenter, die begnadete S\u00e4ngerin des musikalischen Duos, endete der Schlankheitswahn jedoch mit dem Tod. Sie starb im Alter von 32 Jahren an den Folgen extremer Magersucht. Ihr K\u00f6rper hatte gelitten unter 7 Jahren Selbstkasteiung, sowohl durch extremes Hungern als auch durch die Einnahme schwerer Abf\u00fchrmittel; ihre Stimme wurde paradoxerweise von Jahr zu Jahr sch\u00f6ner.<a href=\"http:\/\/taalkunstenares.eu\/files\/2011\/02\/flyer_2010.jpg\"><img loading=\"lazy\" decoding=\"async\" width=\"1024\" height=\"724\" class=\"aligncenter size-large wp-image-273\" style=\"width: 493px; height: 348px;\" title=\"flyer_2010\" src=\"http:\/\/taalkunstenares.eu\/files\/2011\/02\/flyer_2010-1024x724.jpg\" alt=\"\" srcset=\"http:\/\/taalkunstenares.eu\/wp-content\/uploads\/2011\/02\/flyer_2010-1024x724.jpg 1024w, http:\/\/taalkunstenares.eu\/wp-content\/uploads\/2011\/02\/flyer_2010-300x212.jpg 300w, http:\/\/taalkunstenares.eu\/wp-content\/uploads\/2011\/02\/flyer_2010.jpg 1185w\" sizes=\"auto, (max-width: 1024px) 100vw, 1024px\" \/><\/a><\/p>\n<p><span style=\"font-weight: bold;\">Karens Tod am 4. Februar 1983 gilt als Wendepunkt:<\/span> Das Krankheitsbild Magersucht gab es schon seit fast einem Jahrhundert, doch es wurde dar\u00fcber geschwiegen. Dieses Schweigen wurde mit Karens Tod aufgehoben, denn die Krankheit wurde pl\u00f6tzlich weltweit an die \u00d6ffentlichkeit und ins Gespr\u00e4ch gebracht. Seitdem haben Millionen Menschen an dieser Krankheit gelitten &#8211; ich auch.<\/p>\n<p>Eine Tendenz in die andere, \u201ekr\u00e4ftige\u201c Richtung ist zum Gl\u00fcck erkennbar und wurde bereits von z.B. der Zeitschrift Brigitte aber auch von einigen Organisatoren von Modenschauen aufgegriffen. Jedoch muss noch viel mehr gemacht werden, da die Magersucht das Kostbarste bedroht, was ein Mensch besitzt: das Leben.<\/p>\n<p>Deshalb wollen wir, <span style=\"font-weight: bold;\">Anneke Groot (Gesang)<\/span> und <span style=\"font-weight: bold;\">Petra Penning (Klavier)<\/span> mit einem Konzert ein Zeichen setzen und f\u00fcr eine Stiftung \/ einen Verein \/ eine Organisation, die\/der sich um Patienten der Magersucht Geld sammeln. Was eignet sich besser dazu, als die Musik einer Gruppe, die davon direkt betroffen war und die ihre Zeit weit \u00fcberlebt hat? Das Konzert soll im Herbst stattfinden (zwischen dem 10. und 16. Oktober).<\/p>\n<\/p>\n<p><strong>Kommentare am 15. Oktober 2010:<\/strong><\/p>\n<p><em>\u2026 du warst phantastisch bin stolz auf dich ;-)\u2026<\/em><\/p>\n<p><em> \u2026 du warst toll [\u2026] :-)!es war sch\u00f6n, ein unverge\u00dflicher Abend, danke<\/em><\/p>\n<p><em> \u2026 wenn ich jetzt die CD von Karen h\u00f6re, h\u00f6re ich eher Dich und manchmal gef\u00e4llt mir Dein Gesang auch viel besser \u2013 irgendwie bist Du n\u00e4her dran an den Worten (anders kann ich es nicht ausdr\u00fccken)\u2026<\/em><\/p>\n<p><strong> Kommentare am 06. November 2010:<\/strong><\/p>\n<p><em>.. Es war <strong>s<\/strong>pecial \u2013 <strong>u<\/strong>nforgettable \u2013 <strong>p<\/strong>hantastic \u2013 <strong>e<\/strong>xtraordinary und unbedingt \u201e<strong>r<\/strong>epeatable\u201c \u2026<\/em><\/p>\n<p><em>We kijken erug op `n HEEL bijzonder weekend!! Hadden het voor geen goud willen missen.<\/em><\/p>\n<p><em> I\u2019m so happy to experience such a nice evening in such a nice environment. Anneke will be a star more in universe, Thank you, Nam-myoho-renge-kyo!<\/em><\/p>\n<p><em> DANKE! Ihr werdet noch viiiel bewegen!!!<\/em><\/p>\n<p><em> .. der Abend war zaubersch\u00f6n, ber\u00fchrend und bewegend. Bitte mehr davon ..<\/em><\/p>\n<p><em> Sie haben auf eine sehr ruhige, eindringliche und ber\u00fchrende Art Ihren mutigen Weg beschrieben und ein Beispiel f\u00fcr Lebensfreude auf der B\u00fchne ausgedr\u00fcckt. Daf\u00fcr danken wir\/ich Ihnen.<\/em><\/p>\n","protected":false},"excerpt":{"rendered":"<p>Auftritt in Ebern &#8211;Remembering Karen Carpenter &#8211; 15. Oktober 2011 \u201eMusik &#038; Magersucht \u2013 Remembering Karen Carpenter\u201c Anorexia Nervosa, zu Deutsch Magersucht, ist eine nach wie vor \u201ebl\u00fchende\u201c Krankheit, insbesondere unter M\u00e4dchen und jungen Frauen. Sie beginnt schleichend, bei\u00dft sich fest und bedroht im schlimmsten Fall das Kostbarste, was sie besitzen: das Leben. Eine nicht [&hellip;]<\/p>\n","protected":false},"author":3,"featured_media":0,"parent":0,"menu_order":0,"comment_status":"closed","ping_status":"open","template":"","meta":{"ngg_post_thumbnail":0,"footnotes":""},"class_list":["post-272","page","type-page","status-publish","entry"],"translation":{"provider":"WPGlobus","version":"2.12.2","language":"nl","enabled_languages":["de","nl"],"languages":{"de":{"title":true,"content":true,"excerpt":false},"nl":{"title":true,"content":true,"excerpt":false}}},"_links":{"self":[{"href":"http:\/\/taalkunstenares.eu\/nl\/wp-json\/wp\/v2\/pages\/272","targetHints":{"allow":["GET"]}}],"collection":[{"href":"http:\/\/taalkunstenares.eu\/nl\/wp-json\/wp\/v2\/pages"}],"about":[{"href":"http:\/\/taalkunstenares.eu\/nl\/wp-json\/wp\/v2\/types\/page"}],"author":[{"embeddable":true,"href":"http:\/\/taalkunstenares.eu\/nl\/wp-json\/wp\/v2\/users\/3"}],"replies":[{"embeddable":true,"href":"http:\/\/taalkunstenares.eu\/nl\/wp-json\/wp\/v2\/comments?post=272"}],"version-history":[{"count":51,"href":"http:\/\/taalkunstenares.eu\/nl\/wp-json\/wp\/v2\/pages\/272\/revisions"}],"predecessor-version":[{"id":795,"href":"http:\/\/taalkunstenares.eu\/nl\/wp-json\/wp\/v2\/pages\/272\/revisions\/795"}],"wp:attachment":[{"href":"http:\/\/taalkunstenares.eu\/nl\/wp-json\/wp\/v2\/media?parent=272"}],"curies":[{"name":"wp","href":"https:\/\/api.w.org\/{rel}","templated":true}]}}

<p style="text-align: center;"><img loading="lazy" decoding="async" class="aligncenter size-full wp-image-653" src="http://taalkunstenares.eu/wp-content/uploads/2011/02/Konzert-Ebern-15.10.2011.jpg" alt="" height="480" width="640" srcset="http://taalkunstenares.eu/wp-content/uploads/2011/02/Konzert-Ebern-15.10.2011.jpg 640w, http://taalkunstenares.eu/wp-content/uploads/2011/02/Konzert-Ebern-15.10.2011-300x225.jpg 300w" sizes="auto, (max-width: 640px) 100vw, 640px" /></p>
<p style="text-align: center;"><strong>Auftritt in Ebern </strong>&#8211;<em>Remembering Karen Carpenter</em> &#8211; 15. Oktober 2011</p>
<p><img loading="lazy" decoding="async" class="aligncenter size-full wp-image-564" src="http://taalkunstenares.eu/wp-content/uploads/2011/08/kopf.jpg" alt="" height="308" width="600" srcset="http://taalkunstenares.eu/wp-content/uploads/2011/08/kopf.jpg 600w, http://taalkunstenares.eu/wp-content/uploads/2011/08/kopf-300x154.jpg 300w" sizes="auto, (max-width: 600px) 100vw, 600px" /></p>
<hr />
<p align="center"><strong><em>„Musik &#038; Magersucht – Remembering Karen Carpenter“</em></strong></p>
<p><strong><em> </em></strong><br />
<em>Anorexia Nervosa, zu Deutsch Magersucht, ist eine nach wie vor „blühende“ Krankheit, insbesondere unter Mädchen und jungen Frauen. Sie beginnt schleichend, beißt sich fest und bedroht im schlimmsten Fall das Kostbarste, was sie besitzen: <strong>das Leben</strong>. </em><br />
<em>Eine nicht gefährlich genug einzuschätzende Tendenz, die aus den USA kommt, ist die der „Size zero“, was so viel bedeutet wie „Kleidergröße 30“ (Konfektionsgröße für Frauen!)</em><br />
<em>Karen Carpenter war die begnadete Sängerin der Carpenters, ihre Stimme zählt bis heute zu den schönsten, die es je gegeben hat. Sie starb 1983 im Alter von nur 32 Jahren an den Folgen der extremen Magersucht, an der sie 8 Jahre gelitten hatte. Zu den Hits der Carpenters gehören Titel wie <strong>Close to you</strong>, <strong>Top of the World</strong> und <strong>Sweet, sweet smile</strong>. </em><br />
<em>Mit dem Erlös unseres Konzertes unterstützen wir das Projekt ELSA des Vereins STEP e.V., das jungen Frauen mit einer Essstörung hilft, den Weg zurück ins Leben zu finden. </em><br />
<strong><em>Samstag, 15. Oktober, 19.00 Uhr, großer Saal VR-Bank Ebern</em></strong><br />
<em>Anneke Groot: Gesang</em><br />
<em>Petra Penning: Klavier</em><br />
<em>Eintritt: frei – wir bitten freundlich um einen Wertschätzungsbeitrag</em></p>
<hr />
<p><em>Das Carpenters-Konzert war eines meiner schönsten Erlebnisse in diesem Jahr u. ich danke Euch ganz herzlich für diese wunderschönen Stunden.</em> (Eine Zuschauerin)</p>
<hr />
<p style="text-align: center;"><strong>Auftritt in Nürnberg  &#8211; </strong>&#8220;One more time&#8221; &#8211;  am 13. Mai 2011</p>
<p style="text-align: center;"><a href="http://taalkunstenares.eu/files/2011/04/anneke2.jpg"><img loading="lazy" decoding="async" class="aligncenter size-full wp-image-315" title="anneke2" src="http://taalkunstenares.eu/files/2011/04/anneke2.jpg" alt="" height="769" width="544"/></a></p>
<p><strong>Kommentare am 13. Mai 2011:</strong><br />
<em>Am 13.Mai 2011 erfüllte sich nach einer intensiven Zeit der Organisation und Vorbereitung ein großer Wunsch von mir: Anneke und Petra führten ihr Konzert, das ich in Bamberg miterlebt hatte, im Kulturtreff Nord KUNO in Nürnberg auf. Auch dieses Mal unterstützten sie damit Einrichtungen, deren Engagement essgestörten Frauen gilt: den Verein dick und dünn Nürnberg e.V., der eine Beratungsstelle unterhält, und ELSA, eine teilzeitbetreute Wohngruppe des Vereins STEP e.V.. In einem kleinen, sehr persönlichen Rahmen gelang es Anneke wieder einmal, das Publikum mit der gekonnten Mischung aus Rückblenden auf Karens Leben und Leiden, ehrlichen Einblicken in ihre eigene Zeit der Erkrankung und einem abwechslungsreichen Querschnitt durch die große Vielfalt der Carpenter-Songs zu fesseln, zu begeistern und tief zu berühren. </em></p>
<p><em>&#8220;A song for you&#8221;: Meine ganz persönliche Krönung des Abends war es, dass ich mir, nachdem das Publikum gegangen und die Technik abgebaut war, ein letztes Lied wünschen durfte, das Anneke und Petra für mich sangen und spielten, &#8220;you´re enough&#8221;. </em></p>
<p><em>Danke, Anneke und Petra!</em></p>
<p style="text-align: center;"><strong>Debüt-Auftritt am 15. Oktober 2010<br />
</strong></p>
<p><a href="http://taalkunstenares.eu/files/2011/01/image16340.jpg"><img loading="lazy" decoding="async" class="alignleft size-medium wp-image-238" title="image16340" src="http://taalkunstenares.eu/files/2011/01/image16340-300x200.jpg" alt="" height="200" width="300" srcset="http://taalkunstenares.eu/wp-content/uploads/2011/01/image16340-300x200.jpg 300w, http://taalkunstenares.eu/wp-content/uploads/2011/01/image16340.jpg 600w" sizes="auto, (max-width: 300px) 100vw, 300px" /></a>Wer kennt sie nicht, die Hits der 70er: <span style="font-style: italic;">„Close to you“</span>, „Top of the World“ und <span style="font-style: italic;">„We’ve only just begun“</span>, um nur einige wenige zu nennen. Sie alle sind von einer Gruppe: <span style="font-weight: bold;">Carpenters</span>.</p>
<p>Heutzutage dreht sich fast alles nur noch um Äußerlichkeiten, wie uns tag täglich von den Medien vorgegaukelt wird. Schlank sein steht für gesund sein. Für Karen Carpenter, die begnadete Sängerin des musikalischen Duos, endete der Schlankheitswahn jedoch mit dem Tod. Sie starb im Alter von 32 Jahren an den Folgen extremer Magersucht. Ihr Körper hatte gelitten unter 7 Jahren Selbstkasteiung, sowohl durch extremes Hungern als auch durch die Einnahme schwerer Abführmittel; ihre Stimme wurde paradoxerweise von Jahr zu Jahr schöner.<a href="http://taalkunstenares.eu/files/2011/02/flyer_2010.jpg"><img loading="lazy" decoding="async" width="1024" height="724" class="aligncenter size-large wp-image-273" style="width: 493px; height: 348px;" title="flyer_2010" src="http://taalkunstenares.eu/files/2011/02/flyer_2010-1024x724.jpg" alt="" srcset="http://taalkunstenares.eu/wp-content/uploads/2011/02/flyer_2010-1024x724.jpg 1024w, http://taalkunstenares.eu/wp-content/uploads/2011/02/flyer_2010-300x212.jpg 300w, http://taalkunstenares.eu/wp-content/uploads/2011/02/flyer_2010.jpg 1185w" sizes="auto, (max-width: 1024px) 100vw, 1024px" /></a></p>
<p><span style="font-weight: bold;">Karens Tod am 4. Februar 1983 gilt als Wendepunkt:</span> Das Krankheitsbild Magersucht gab es schon seit fast einem Jahrhundert, doch es wurde darüber geschwiegen. Dieses Schweigen wurde mit Karens Tod aufgehoben, denn die Krankheit wurde plötzlich weltweit an die Öffentlichkeit und ins Gespräch gebracht. Seitdem haben Millionen Menschen an dieser Krankheit gelitten &#8211; ich auch.</p>
<p>Eine Tendenz in die andere, „kräftige“ Richtung ist zum Glück erkennbar und wurde bereits von z.B. der Zeitschrift Brigitte aber auch von einigen Organisatoren von Modenschauen aufgegriffen. Jedoch muss noch viel mehr gemacht werden, da die Magersucht das Kostbarste bedroht, was ein Mensch besitzt: das Leben.</p>
<p>Deshalb wollen wir, <span style="font-weight: bold;">Anneke Groot (Gesang)</span> und <span style="font-weight: bold;">Petra Penning (Klavier)</span> mit einem Konzert ein Zeichen setzen und für eine Stiftung / einen Verein / eine Organisation, die/der sich um Patienten der Magersucht Geld sammeln. Was eignet sich besser dazu, als die Musik einer Gruppe, die davon direkt betroffen war und die ihre Zeit weit überlebt hat? Das Konzert soll im Herbst stattfinden (zwischen dem 10. und 16. Oktober).</p>
</p>
<p><strong>Kommentare am 15. Oktober 2010:</strong></p>
<p><em>… du warst phantastisch bin stolz auf dich ;-)…</em></p>
<p><em> … du warst toll […] :-)!es war schön, ein unvergeßlicher Abend, danke</em></p>
<p><em> … wenn ich jetzt die CD von Karen höre, höre ich eher Dich und manchmal gefällt mir Dein Gesang auch viel besser – irgendwie bist Du näher dran an den Worten (anders kann ich es nicht ausdrücken)…</em></p>
<p><strong> Kommentare am 06. November 2010:</strong></p>
<p><em>.. Es war <strong>s</strong>pecial – <strong>u</strong>nforgettable – <strong>p</strong>hantastic – <strong>e</strong>xtraordinary und unbedingt „<strong>r</strong>epeatable“ …</em></p>
<p><em>We kijken erug op `n HEEL bijzonder weekend!! Hadden het voor geen goud willen missen.</em></p>
<p><em> I’m so happy to experience such a nice evening in such a nice environment. Anneke will be a star more in universe, Thank you, Nam-myoho-renge-kyo!</em></p>
<p><em> DANKE! Ihr werdet noch viiiel bewegen!!!</em></p>
<p><em> .. der Abend war zauberschön, berührend und bewegend. Bitte mehr davon ..</em></p>
<p><em> Sie haben auf eine sehr ruhige, eindringliche und berührende Art Ihren mutigen Weg beschrieben und ein Beispiel für Lebensfreude auf der Bühne ausgedrückt. Dafür danken wir/ich Ihnen.</em></p>

<p>Auftritt in Ebern &#8211;Remembering Karen Carpenter &#8211; 15. Oktober 2011 „Musik &#038; Magersucht – Remembering Karen Carpenter“ Anorexia Nervosa, zu Deutsch Magersucht, ist eine nach wie vor „blühende“ Krankheit, insbesondere unter Mädchen und jungen Frauen. Sie beginnt schleichend, beißt sich fest und bedroht im schlimmsten Fall das Kostbarste, was sie besitzen: das Leben. Eine nicht [&hellip;]</p>
