{"id":212,"date":"2011-01-13T20:05:36","date_gmt":"2011-01-13T18:05:36","guid":{"rendered":"http:\/\/taalkunstenares.eu\/"},"modified":"2023-07-31T14:18:15","modified_gmt":"2023-07-31T12:18:15","slug":"musik-und-magersucht","status":"publish","type":"page","link":"http:\/\/taalkunstenares.eu\/nl\/musik-und-magersucht\/","title":{"rendered":"\u201eWe\u2019ve only just begun\u201c"},"content":{"rendered":"<p><strong>\u201eWe\u2019ve only just begun\u201c \u2013  Das Leben f\u00e4ngt gerade erst an<\/strong><\/p>\n<p><strong> <\/strong><\/p>\n<p>Wer kennt sie nicht, die Hits der 70er: <em>\u201eClose to you\u201c<\/em>, <em>\u201eTop of the World\u201c<\/em> und <em>\u201eWe\u2019ve only just begun\u201c<\/em>, um nur einige wenige zu nennen. Sie alle sind von einer Gruppe: <strong>Carpenters.<\/strong><\/p>\n<figure id=\"attachment_262\" aria-describedby=\"caption-attachment-262\" style=\"width: 200px\" class=\"wp-caption alignleft\"><a href=\"http:\/\/taalkunstenares.eu\/files\/2011\/02\/Karen_Carpenter.jpg\"><img loading=\"lazy\" decoding=\"async\" class=\"size-full wp-image-262 \" style=\"width: 200px; height: 258px;\" title=\"Karen_Carpenter\" src=\"http:\/\/taalkunstenares.eu\/files\/2011\/02\/Karen_Carpenter.jpg\" alt=\"\" width=\"200\" height=\"258\" \/><\/a><figcaption id=\"caption-attachment-262\" class=\"wp-caption-text\">Karen verstarb 1983 an den Folgen ihrer Magersucht<\/figcaption><\/figure>\n<p>Heutzutage dreht sich fast alles nur noch um \u00c4u\u00dferlichkeiten, wie uns tag t\u00e4glich von den Medien vorgegaukelt wird. Schlank sein steht f\u00fcr gesund sein. F\u00fcr Karen Carpenter, die begnadete S\u00e4ngerin des musikalischen Duos, endete der Schlankheitswahn jedoch mit dem Tod. Sie starb im Alter von 32 Jahren an den Folgen extremer Magersucht. Ihr K\u00f6rper hatte gelitten unter 7 Jahren Selbstkasteiung, sowohl durch extremes Hungern als auch durch die Einnahme schwerer Abf\u00fchrmittel; ihre Stimme wurde paradoxerweise von Jahr zu Jahr sch\u00f6ner.<\/p>\n<p>Karens Tod am 4. Februar 1983 gilt als Wendepunkt: Das Krankheitsbild Magersucht gab es schon seit fast einem Jahrhundert, doch es wurde dar\u00fcber geschwiegen. Dieses Schweigen wurde mit Karens Tod aufgehoben, denn die Krankheit wurde pl\u00f6tzlich weltweit an die \u00d6ffentlichkeit und ins Gespr\u00e4ch gebracht. Seitdem haben Millionen Menschen an dieser Krankheit gelitten &#8211; ich auch.<\/p>\n<p>Eine Tendenz in die andere, \u201ekr\u00e4ftige\u201c Richtung ist zum Gl\u00fcck erkennbar und wurde bereits von z.B. der Zeitschrift Brigitte aber auch von einigen Organisatoren von Modenschauen aufgegriffen. Jedoch muss noch viel mehr gemacht werden, da die Magersucht das Kostbarste bedroht, was ein Mensch besitzt: <strong>das Leben<\/strong>.<\/p>\n<p>Deshalb wollen wir, Anneke Groot (Gesang) und Petra Penning (Klavier) mit einem Konzert ein Zeichen setzen und f\u00fcr eine Stiftung \/ einen Verein \/ eine Organisation, die\/der sich um Patienten der Magersucht Geld sammeln. Was eignet sich besser dazu, als die Musik einer Gruppe, die davon direkt betroffen war und die ihre Zeit weit \u00fcberlebt hat?<\/p>\n<pre>(Bildnachweis: \u00a9 frei \u00fcber Wikipedia)<\/pre>\n","protected":false},"excerpt":{"rendered":"<p>\u201eWe\u2019ve only just begun\u201c \u2013 Das Leben f\u00e4ngt gerade erst an Wer kennt sie nicht, die Hits der 70er: \u201eClose to you\u201c, \u201eTop of the World\u201c und \u201eWe\u2019ve only just begun\u201c, um nur einige wenige zu nennen. Sie alle sind von einer Gruppe: Carpenters. Heutzutage dreht sich fast alles nur noch um \u00c4u\u00dferlichkeiten, wie uns [&hellip;]<\/p>\n","protected":false},"author":1,"featured_media":0,"parent":0,"menu_order":0,"comment_status":"closed","ping_status":"open","template":"","meta":{"ngg_post_thumbnail":0,"footnotes":""},"class_list":["post-212","page","type-page","status-publish","entry"],"translation":{"provider":"WPGlobus","version":"2.12.2","language":"nl","enabled_languages":["de","nl"],"languages":{"de":{"title":true,"content":true,"excerpt":false},"nl":{"title":false,"content":true,"excerpt":false}}},"_links":{"self":[{"href":"http:\/\/taalkunstenares.eu\/nl\/wp-json\/wp\/v2\/pages\/212","targetHints":{"allow":["GET"]}}],"collection":[{"href":"http:\/\/taalkunstenares.eu\/nl\/wp-json\/wp\/v2\/pages"}],"about":[{"href":"http:\/\/taalkunstenares.eu\/nl\/wp-json\/wp\/v2\/types\/page"}],"author":[{"embeddable":true,"href":"http:\/\/taalkunstenares.eu\/nl\/wp-json\/wp\/v2\/users\/1"}],"replies":[{"embeddable":true,"href":"http:\/\/taalkunstenares.eu\/nl\/wp-json\/wp\/v2\/comments?post=212"}],"version-history":[{"count":15,"href":"http:\/\/taalkunstenares.eu\/nl\/wp-json\/wp\/v2\/pages\/212\/revisions"}],"predecessor-version":[{"id":728,"href":"http:\/\/taalkunstenares.eu\/nl\/wp-json\/wp\/v2\/pages\/212\/revisions\/728"}],"wp:attachment":[{"href":"http:\/\/taalkunstenares.eu\/nl\/wp-json\/wp\/v2\/media?parent=212"}],"curies":[{"name":"wp","href":"https:\/\/api.w.org\/{rel}","templated":true}]}}

<p><strong>„We’ve only just begun“ –  Das Leben fängt gerade erst an</strong></p>
<p><strong> </strong></p>
<p>Wer kennt sie nicht, die Hits der 70er: <em>„Close to you“</em>, <em>„Top of the World“</em> und <em>„We’ve only just begun“</em>, um nur einige wenige zu nennen. Sie alle sind von einer Gruppe: <strong>Carpenters.</strong></p>
<figure id="attachment_262" aria-describedby="caption-attachment-262" style="width: 200px" class="wp-caption alignleft"><a href="http://taalkunstenares.eu/files/2011/02/Karen_Carpenter.jpg"><img loading="lazy" decoding="async" class="size-full wp-image-262 " style="width: 200px; height: 258px;" title="Karen_Carpenter" src="http://taalkunstenares.eu/files/2011/02/Karen_Carpenter.jpg" alt="" width="200" height="258" /></a><figcaption id="caption-attachment-262" class="wp-caption-text">Karen verstarb 1983 an den Folgen ihrer Magersucht</figcaption></figure>
<p>Heutzutage dreht sich fast alles nur noch um Äußerlichkeiten, wie uns tag täglich von den Medien vorgegaukelt wird. Schlank sein steht für gesund sein. Für Karen Carpenter, die begnadete Sängerin des musikalischen Duos, endete der Schlankheitswahn jedoch mit dem Tod. Sie starb im Alter von 32 Jahren an den Folgen extremer Magersucht. Ihr Körper hatte gelitten unter 7 Jahren Selbstkasteiung, sowohl durch extremes Hungern als auch durch die Einnahme schwerer Abführmittel; ihre Stimme wurde paradoxerweise von Jahr zu Jahr schöner.</p>
<p>Karens Tod am 4. Februar 1983 gilt als Wendepunkt: Das Krankheitsbild Magersucht gab es schon seit fast einem Jahrhundert, doch es wurde darüber geschwiegen. Dieses Schweigen wurde mit Karens Tod aufgehoben, denn die Krankheit wurde plötzlich weltweit an die Öffentlichkeit und ins Gespräch gebracht. Seitdem haben Millionen Menschen an dieser Krankheit gelitten &#8211; ich auch.</p>
<p>Eine Tendenz in die andere, „kräftige“ Richtung ist zum Glück erkennbar und wurde bereits von z.B. der Zeitschrift Brigitte aber auch von einigen Organisatoren von Modenschauen aufgegriffen. Jedoch muss noch viel mehr gemacht werden, da die Magersucht das Kostbarste bedroht, was ein Mensch besitzt: <strong>das Leben</strong>.</p>
<p>Deshalb wollen wir, Anneke Groot (Gesang) und Petra Penning (Klavier) mit einem Konzert ein Zeichen setzen und für eine Stiftung / einen Verein / eine Organisation, die/der sich um Patienten der Magersucht Geld sammeln. Was eignet sich besser dazu, als die Musik einer Gruppe, die davon direkt betroffen war und die ihre Zeit weit überlebt hat?</p>
<pre>(Bildnachweis: © frei über Wikipedia)</pre>

<p>„We’ve only just begun“ – Das Leben fängt gerade erst an Wer kennt sie nicht, die Hits der 70er: „Close to you“, „Top of the World“ und „We’ve only just begun“, um nur einige wenige zu nennen. Sie alle sind von einer Gruppe: Carpenters. Heutzutage dreht sich fast alles nur noch um Äußerlichkeiten, wie uns [&hellip;]</p>
