{"id":193,"date":"2010-02-01T21:58:55","date_gmt":"2010-02-01T19:58:55","guid":{"rendered":"http:\/\/taalkunstenares.eu\/?page_id=193"},"modified":"2023-07-31T14:18:15","modified_gmt":"2023-07-31T12:18:15","slug":"news","status":"publish","type":"page","link":"http:\/\/taalkunstenares.eu\/nl\/news\/","title":{"rendered":"Optredens 2014"},"content":{"rendered":"<figure id=\"attachment_461\" aria-describedby=\"caption-attachment-461\" style=\"width: 152px\" class=\"wp-caption alignleft\"><a href=\"http:\/\/taalkunstenares.eu\/files\/2012\/01\/PetraPenning.jpg\"><img loading=\"lazy\" decoding=\"async\" class=\"size-full wp-image-461\" title=\"PetraPenning\" src=\"http:\/\/taalkunstenares.eu\/files\/2012\/01\/PetraPenning.jpg\" alt=\"\" height=\"241\" width=\"152\"\/><\/a><figcaption id=\"caption-attachment-461\" class=\"wp-caption-text\">Petra Penning, Klavier<\/figcaption><\/figure>\n<p style=\"text-align: center;\"><strong>Donnerstag, 15. Mai 2014 <\/strong><\/p>\n<p style=\"text-align: center;\"><strong>&nbsp;<\/strong>19 Uhr<\/p>\n<p style=\"text-align: center;\">Eichendorff-Gymnasium<\/p>\n<p style=\"text-align: center;\">Jubil\u00e4umsabend mit musikalischen Beitr\u00e4gen<\/p>\n<p style=\"text-align: center;\">&#8211;<\/p>\n<p align=\"center\"><strong><em>\u201eMusik &#038; Magersucht \u2013 Remembering Karen Carpenter\u201c<\/em><\/strong><\/p>\n<p><strong><em>&nbsp; <\/em><\/strong><em>Anorexia Nervosa, zu Deutsch Magersucht, ist eine nach wie vor \u201ebl\u00fchende\u201c Krankheit, insbesondere unter M\u00e4dchen und jungen Frauen. Sie beginnt schleichend, bei\u00dft sich fest und bedroht im schlimmsten Fall das Kostbarste, was sie besitzen: <strong>das Leben<\/strong>. <\/em> <strong><em>&nbsp;<\/em><\/strong><em>Anorexia Nervosa, zu Deutsch Magersucht, ist eine nach wie vor \u201ebl\u00fchende\u201c Krankheit, insbesondere unter M\u00e4dchen und jungen Frauen. Sie beginnt schleichend, bei\u00dft sich fest und bedroht im schlimmsten Fall das Kostbarste, was sie besitzen: <strong>das Leben<\/strong>. <\/em><\/p>\n<figure id=\"attachment_460\" aria-describedby=\"caption-attachment-460\" style=\"width: 156px\" class=\"wp-caption alignright\"><a href=\"http:\/\/taalkunstenares.eu\/files\/2012\/01\/AnnekeGroot.jpg\"><img loading=\"lazy\" decoding=\"async\" class=\"size-full wp-image-460\" title=\"AnnekeGroot\" src=\"http:\/\/taalkunstenares.eu\/files\/2012\/01\/AnnekeGroot.jpg\" alt=\"\" height=\"250\" width=\"156\"\/><\/a><figcaption id=\"caption-attachment-460\" class=\"wp-caption-text\">Anneke Groot, Gesang<\/figcaption><\/figure>\n<p>Anneke Groot, Gesang<em>Eine nicht gef\u00e4hrlich genug einzusch\u00e4tzende Tendenz, die aus den USA kommt, ist die der \u201eSize zero\u201c, was so viel bedeutet wie \u201eKleidergr\u00f6\u00dfe 30\u201c (Konfektionsgr\u00f6\u00dfe f\u00fcr Frauen!)<\/em> <em>Eine nicht gef\u00e4hrlich genug einzusch\u00e4tzende Tendenz, die aus den USA kommt, ist die der \u201eSize zero\u201c, was so viel bedeutet wie \u201eKleidergr\u00f6\u00dfe 30\u201c (Konfektionsgr\u00f6\u00dfe f\u00fcr Frauen!)<\/em><\/p>\n<p><em>Karen Carpenter war die begnadete S\u00e4ngerin der Carpenters, ihre Stimme z\u00e4hlt bis heute zu den sch\u00f6nsten, die es je gegeben hat. Sie starb 1983 im Alter von nur 32 Jahren an den Folgen der extremen Magersucht, an der sie 8 Jahre gelitten hatte. Zu den Hits der Carpenters geh\u00f6ren Titel wie <strong>Close to you<\/strong>, <strong>Top of the World<\/strong> und <strong>Sweet, sweet smile<\/strong>. <\/em> <em>Karen Carpenter war die begnadete S\u00e4ngerin der Carpenters, ihre Stimme z\u00e4hlt bis heute zu den sch\u00f6nsten, die es je gegeben hat. Sie starb 1983 im Alter von nur 32 Jahren an den Folgen der extremen Magersucht, an der sie 8 Jahre gelitten hatte. Zu den Hits der Carpenters geh\u00f6ren Titel wie <strong>Close to you<\/strong>, <strong>Top of the World<\/strong> und <strong>Sweet, sweet smile<\/strong>. <\/em><\/p>\n<p><em>Mit dem Erl\u00f6s unseres Konzertes unterst\u00fctzen wir das Projekt ELSA des Vereins STEP e.V., das jungen Frauen mit einer Essst\u00f6rung hilft, den Weg zur\u00fcck ins Leben zu finden. <\/em> <em>Mit dem Erl\u00f6s unseres Konzertes unterst\u00fctzen wir das Projekt ELSA des Vereins STEP e.V., das jungen Frauen mit einer Essst\u00f6rung hilft, den Weg zur\u00fcck ins Leben zu finden. <\/em><\/p>\n<p><em>Anneke Groot: Gesang<\/em> <em>Anneke Groot: Gesang<\/em><\/p>\n<p><em>Petra Penning: Klavier<\/em> <em>Petra Penning: Klavier<\/em><\/p>\n<p>&#8212;&#8211; &#8212;&#8211;<\/p>\n","protected":false},"excerpt":{"rendered":"<p>Donnerstag, 15. Mai 2014 &nbsp;19 Uhr Eichendorff-Gymnasium Jubil\u00e4umsabend mit musikalischen Beitr\u00e4gen &#8211; \u201eMusik &#038; Magersucht \u2013 Remembering Karen Carpenter\u201c &nbsp; Anorexia Nervosa, zu Deutsch Magersucht, ist eine nach wie vor \u201ebl\u00fchende\u201c Krankheit, insbesondere unter M\u00e4dchen und jungen Frauen. Sie beginnt schleichend, bei\u00dft sich fest und bedroht im schlimmsten Fall das Kostbarste, was sie besitzen: das [&hellip;]<\/p>\n","protected":false},"author":3,"featured_media":0,"parent":0,"menu_order":0,"comment_status":"closed","ping_status":"closed","template":"","meta":{"ngg_post_thumbnail":0,"footnotes":""},"class_list":["post-193","page","type-page","status-publish","entry"],"translation":{"provider":"WPGlobus","version":"2.12.2","language":"nl","enabled_languages":["de","nl"],"languages":{"de":{"title":true,"content":true,"excerpt":false},"nl":{"title":true,"content":true,"excerpt":false}}},"_links":{"self":[{"href":"http:\/\/taalkunstenares.eu\/nl\/wp-json\/wp\/v2\/pages\/193","targetHints":{"allow":["GET"]}}],"collection":[{"href":"http:\/\/taalkunstenares.eu\/nl\/wp-json\/wp\/v2\/pages"}],"about":[{"href":"http:\/\/taalkunstenares.eu\/nl\/wp-json\/wp\/v2\/types\/page"}],"author":[{"embeddable":true,"href":"http:\/\/taalkunstenares.eu\/nl\/wp-json\/wp\/v2\/users\/3"}],"replies":[{"embeddable":true,"href":"http:\/\/taalkunstenares.eu\/nl\/wp-json\/wp\/v2\/comments?post=193"}],"version-history":[{"count":61,"href":"http:\/\/taalkunstenares.eu\/nl\/wp-json\/wp\/v2\/pages\/193\/revisions"}],"predecessor-version":[{"id":699,"href":"http:\/\/taalkunstenares.eu\/nl\/wp-json\/wp\/v2\/pages\/193\/revisions\/699"}],"wp:attachment":[{"href":"http:\/\/taalkunstenares.eu\/nl\/wp-json\/wp\/v2\/media?parent=193"}],"curies":[{"name":"wp","href":"https:\/\/api.w.org\/{rel}","templated":true}]}}

<figure id="attachment_461" aria-describedby="caption-attachment-461" style="width: 152px" class="wp-caption alignleft"><a href="http://taalkunstenares.eu/files/2012/01/PetraPenning.jpg"><img loading="lazy" decoding="async" class="size-full wp-image-461" title="PetraPenning" src="http://taalkunstenares.eu/files/2012/01/PetraPenning.jpg" alt="" height="241" width="152"/></a><figcaption id="caption-attachment-461" class="wp-caption-text">Petra Penning, Klavier</figcaption></figure>
<p style="text-align: center;"><strong>Donnerstag, 15. Mai 2014 </strong></p>
<p style="text-align: center;"><strong>&nbsp;</strong>19 Uhr</p>
<p style="text-align: center;">Eichendorff-Gymnasium</p>
<p style="text-align: center;">Jubiläumsabend mit musikalischen Beiträgen</p>
<p style="text-align: center;">&#8211;</p>
<p align="center"><strong><em>„Musik &#038; Magersucht – Remembering Karen Carpenter“</em></strong></p>
<p><strong><em>&nbsp; </em></strong><em>Anorexia Nervosa, zu Deutsch Magersucht, ist eine nach wie vor „blühende“ Krankheit, insbesondere unter Mädchen und jungen Frauen. Sie beginnt schleichend, beißt sich fest und bedroht im schlimmsten Fall das Kostbarste, was sie besitzen: <strong>das Leben</strong>. </em> <strong><em>&nbsp;</em></strong><em>Anorexia Nervosa, zu Deutsch Magersucht, ist eine nach wie vor „blühende“ Krankheit, insbesondere unter Mädchen und jungen Frauen. Sie beginnt schleichend, beißt sich fest und bedroht im schlimmsten Fall das Kostbarste, was sie besitzen: <strong>das Leben</strong>. </em></p>
<figure id="attachment_460" aria-describedby="caption-attachment-460" style="width: 156px" class="wp-caption alignright"><a href="http://taalkunstenares.eu/files/2012/01/AnnekeGroot.jpg"><img loading="lazy" decoding="async" class="size-full wp-image-460" title="AnnekeGroot" src="http://taalkunstenares.eu/files/2012/01/AnnekeGroot.jpg" alt="" height="250" width="156"/></a><figcaption id="caption-attachment-460" class="wp-caption-text">Anneke Groot, Gesang</figcaption></figure>
<p>Anneke Groot, Gesang<em>Eine nicht gefährlich genug einzuschätzende Tendenz, die aus den USA kommt, ist die der „Size zero“, was so viel bedeutet wie „Kleidergröße 30“ (Konfektionsgröße für Frauen!)</em> <em>Eine nicht gefährlich genug einzuschätzende Tendenz, die aus den USA kommt, ist die der „Size zero“, was so viel bedeutet wie „Kleidergröße 30“ (Konfektionsgröße für Frauen!)</em></p>
<p><em>Karen Carpenter war die begnadete Sängerin der Carpenters, ihre Stimme zählt bis heute zu den schönsten, die es je gegeben hat. Sie starb 1983 im Alter von nur 32 Jahren an den Folgen der extremen Magersucht, an der sie 8 Jahre gelitten hatte. Zu den Hits der Carpenters gehören Titel wie <strong>Close to you</strong>, <strong>Top of the World</strong> und <strong>Sweet, sweet smile</strong>. </em> <em>Karen Carpenter war die begnadete Sängerin der Carpenters, ihre Stimme zählt bis heute zu den schönsten, die es je gegeben hat. Sie starb 1983 im Alter von nur 32 Jahren an den Folgen der extremen Magersucht, an der sie 8 Jahre gelitten hatte. Zu den Hits der Carpenters gehören Titel wie <strong>Close to you</strong>, <strong>Top of the World</strong> und <strong>Sweet, sweet smile</strong>. </em></p>
<p><em>Mit dem Erlös unseres Konzertes unterstützen wir das Projekt ELSA des Vereins STEP e.V., das jungen Frauen mit einer Essstörung hilft, den Weg zurück ins Leben zu finden. </em> <em>Mit dem Erlös unseres Konzertes unterstützen wir das Projekt ELSA des Vereins STEP e.V., das jungen Frauen mit einer Essstörung hilft, den Weg zurück ins Leben zu finden. </em></p>
<p><em>Anneke Groot: Gesang</em> <em>Anneke Groot: Gesang</em></p>
<p><em>Petra Penning: Klavier</em> <em>Petra Penning: Klavier</em></p>
<p>&#8212;&#8211; &#8212;&#8211;</p>

<p>Donnerstag, 15. Mai 2014 &nbsp;19 Uhr Eichendorff-Gymnasium Jubiläumsabend mit musikalischen Beiträgen &#8211; „Musik &#038; Magersucht – Remembering Karen Carpenter“ &nbsp; Anorexia Nervosa, zu Deutsch Magersucht, ist eine nach wie vor „blühende“ Krankheit, insbesondere unter Mädchen und jungen Frauen. Sie beginnt schleichend, beißt sich fest und bedroht im schlimmsten Fall das Kostbarste, was sie besitzen: das [&hellip;]</p>
